{"id":10539,"date":"2015-06-10T07:12:14","date_gmt":"2015-06-10T07:12:14","guid":{"rendered":"http:\/\/pruebas-wp-ver.mph.cl\/?page_id=10539"},"modified":"2015-07-05T20:47:51","modified_gmt":"2015-07-05T20:47:51","slug":"como-llegar","status":"publish","type":"page","link":"https:\/\/pruebas-wp-ver.mph.cl\/?page_id=10539","title":{"rendered":"Como llegar"},"content":{"rendered":"<h3>Como llegar a Padre Hurtado desde Santiago en Autom\u00f3vil<\/h3>\n<p><iframe loading=\"lazy\" src=\"https:\/\/www.google.com\/maps\/d\/embed?mid=zNTthkIcBs00.kh6gtv3ejk7g\" height=\"480\" width=\"640\"><\/iframe><\/p>\n<h3>\u00a0Como llegar a Padre Hurtado desde Calera de Tango, Curacavi o Talagante en autom\u00f3vil<\/h3>\n<p><iframe loading=\"lazy\" src=\"https:\/\/www.google.com\/maps\/d\/embed?mid=zNTthkIcBs00.kLLDDfFCEJP0\" height=\"480\" width=\"640\"><\/iframe><\/p>\n<p><strong style=\"line-height: 1.5em;\">En Transporte P\u00fablico (Buses Inter Urbano)<\/strong><\/p>\n<p><strong>Desde Santiago:<\/strong><\/p>\n<p>Terminal de Buses San Borja (Estaci\u00f3n Central),<\/p>\n<p>Tomar Buses con Direcci\u00f3n a Talagante, Pe\u00f1aflor y Melipilla. (No tomar los buses que van directo por Autopista de Sol)<\/p>\n<p><strong>Desde Maip\u00fa:\u00a0\u00a0<\/strong><strong>\u00a0<\/strong><\/p>\n<ul>\n<li>Paradero Plaza Maip\u00fa, Buses Talagante en direcci\u00f3n Talagante y bajarse desde el Km 20 en adelante hasta el Km 29 de Camino San Alberto Hurtado.<\/li>\n<li>Paradero de colectivos a Padre Hurtado a un costado de la Plaza Monumento.<\/li>\n<\/ul>\n","protected":false},"excerpt":{"rendered":"<p>Como llegar a Padre Hurtado desde Santiago en Autom\u00f3vil \u00a0Como llegar a Padre Hurtado desde Calera de Tango, Curacavi o Talagante en autom\u00f3vil En Transporte P\u00fablico (Buses Inter Urbano) Desde Santiago: Terminal de Buses San Borja (Estaci\u00f3n Central), Tomar Buses con Direcci\u00f3n a Talagante, Pe\u00f1aflor y Melipilla. (No tomar los buses que van directo por<\/p>\n<div class=\"read-more\"><a href=\"https:\/\/pruebas-wp-ver.mph.cl\/?page_id=10539\" title=\"Read More\">Read More<\/a><\/div>\n","protected":false},"author":5,"featured_media":0,"parent":10012,"menu_order":0,"comment_status":"open","ping_status":"open","template":"","meta":{"footnotes":""},"_links":{"self":[{"href":"https:\/\/pruebas-wp-ver.mph.cl\/index.php?rest_route=\/wp\/v2\/pages\/10539"}],"collection":[{"href":"https:\/\/pruebas-wp-ver.mph.cl\/index.php?rest_route=\/wp\/v2\/pages"}],"about":[{"href":"https:\/\/pruebas-wp-ver.mph.cl\/index.php?rest_route=\/wp\/v2\/types\/page"}],"author":[{"embeddable":true,"href":"https:\/\/pruebas-wp-ver.mph.cl\/index.php?rest_route=\/wp\/v2\/users\/5"}],"replies":[{"embeddable":true,"href":"https:\/\/pruebas-wp-ver.mph.cl\/index.php?rest_route=%2Fwp%2Fv2%2Fcomments&post=10539"}],"version-history":[{"count":6,"href":"https:\/\/pruebas-wp-ver.mph.cl\/index.php?rest_route=\/wp\/v2\/pages\/10539\/revisions"}],"predecessor-version":[{"id":10772,"href":"https:\/\/pruebas-wp-ver.mph.cl\/index.php?rest_route=\/wp\/v2\/pages\/10539\/revisions\/10772"}],"up":[{"embeddable":true,"href":"https:\/\/pruebas-wp-ver.mph.cl\/index.php?rest_route=\/wp\/v2\/pages\/10012"}],"wp:attachment":[{"href":"https:\/\/pruebas-wp-ver.mph.cl\/index.php?rest_route=%2Fwp%2Fv2%2Fmedia&parent=10539"}],"curies":[{"name":"wp","href":"https:\/\/api.w.org\/{rel}","templated":true}]}}